z(14).
163
Let i(r) = 27*r. Determine i(-1).
-27
Let q(z) = -z**2 - 10*z - 24. What is q(-8)?
-8
Let v(b) = -b**2 - 9*b + 3. Calculate v(-4).
23
Let b(u) = u - 16. Calculate b(8).
-8
Let l(x) = -x**3 - 11*x**2 + 15*x + 9. Determine l(-12).
-27
Let a(w) = -2*w**2 - 4*w + 1. Calculate a(-3).
-5
Let s(u) = 3*u + 55. Give s(-17).
4
Let s(c) = c**3 - 10*c**2 - 23*c - 18. Give s(12).
-6
Let w(m) = 48*m**3 + 2*m + 1. Give w(-1).
-49
Let m(x) = x**3 - 8*x**2 + 5*x + 2. What is m(7)?
-12
Let x(r) = r**2 - r - 14. Give x(5).
6
Let m(z) = -z**3 - 3*z**2 + 2*z - 5. Calculate m(-4).
3
Let q(o) = -4*o - 16. Give q(-8).
16
Let s(u) = -2*u**2 - 4*u + 7. What is s(-5)?
-23
Let t(i) = i**2 + 10*i + 4. Give t(-7).
-17
Let z(t) = -t**2 + 5*t + 11. What is z(11)?
-55
Let k(q) = q**3 + 20*q**2 + 22*q + 19. Give k(-19).
-38
Let p(y) = -y**3 - 4*y**2 - 3*y. What is p(-2)?
-2
Let u(v) = -2*v**2 + 15*v - 15. Give u(6).
3
Let o(d) = 4*d + 69. Give o(-19).
-7
Let b(d) = -d**2 - 7*d - 5. Determine b(-9).
-23
Let x(p) = 3*p**2 + 12*p - 2. Determine x(-5).
13
Let d(k) = k**2 + 10*k + 4. What is d(-8)?
-12
Let a(o) = 2*o**3 + 6*o**2 + 5*o + 2. What is a(-4)?
-50
Let n(j) = j + 33. Determine n(7).
40
Let l(c) = -3*c**2 + 2*c - 1. Calculate l(2).
-9
Let j(z) = -5*z. Give j(1).
-5
Let m(a) = -a**3 + a**2 - a + 109. What is m(0)?
109
Let d(k) = -18*k**2 + 81*k - 12. Give d(5).
-57
Let f(t) = -16*t - 4. Calculate f(-1).
12
Let g(j) = j**3 + 8*j**2 - 17*j - 55. What is g(-9)?
17
Let u(b) = -b**3 + 5*b**2 + 2*b + 1. Determine u(5).
11
Let o(k) = 2*k**2 + 6*k + 9. What is o(-7)?
65
Let k(z) = z**2 - z + 16. Calculate k(0).
16
Let k(j) = -2*j**2 + 3*j - 3. What is k(2)?
-5
Let m(l) = 5*l + 1. Determine m(-1).
-4
Let x(l) = -32*l - 19. Determine x(-6).
173
Let c(p) = 3*p**2 - 43*p - 75. What is c(16)?
5
Let p(k) = -k**2 + 7*k - 10. What is p(3)?
2
Let n(t) = -t**3 - 8*t**2 - 14*t - 40. Give n(-7).
9
Let i(k) = k + 3. Determine i(-4).
-1
Let y(n) = -n**3 + 9*n**2 + 8*n + 17. Calculate y(10).
-3
Let y(c) = -c**3 + 2*c**2 + 8*c + 6. Determine y(7).
-183
Let x(f) = -19*f - 75. What is x(-5)?
20
Let y(n) = 7*n - 6. Calculate y(2).
8
Let c(g) = g**3 - 7*g**2 - 9*g + 9. Determine c(8).
1
Let p(j) = -20*j - 4. Give p(3).
-64
Let i(d) = d - 1. Determine i(7).
6
Let z(c) = -c**3 - 13*c**2 + 18*c - 5. Give z(-14).
-61
Let v(t) = -8*t**3 - 4*t**2 + 3*t + 1. Calculate v(1).
-8
Let v(j) = -j - 2. Determine v(1).
-3
Let z(l) = -37*l + 5. Determine z(2).
-69
Let n(a) = a**3 - 12*a**2 - 25*a - 33. What is n(14)?
9
Let b(s) = s**3 - 7*s**2 + 5*s - 2. Give b(6).
-8
Let w(h) = -h - 17. Determine w(8).
-25
Let c(v) = -27*v - 109. Calculate c(-3).
-28
Let l(h) = 4*h - 41. Determine l(12).
7
Let d(t) = -t**3 - 6*t**2 + 4*t - 2. What is d(-3)?
-41
Let k(g) = g**2 - 3*g + 36. Give k(0).
36
Let w(i) = -i**2 + 6*i + 6. Give w(5).
11
Let u(g) = 3*g**2 - g + 4. Determine u(-3).
34
Let u(s) = -2*s - 37. Calculate u(-14).
-9
Let k(a) = a**2 - 18*a - 44. Give k(-2).
-4
Let m(u) = u**3 - 2*u**2 - 5*u + 2. Calculate m(3).
-4
Let o(z) = -2*z**2 + 2*z + 13. Give o(-3).
-11
Let a(v) = v**2 - 5*v + 11. Give a(5).
11
Let w(o) = 2*o**3 - 6*o**2 + 3*o + 2. What is w(3)?
11
Let j(x) = -x**2 - 2*x + 37. Give j(-7).
2
Let z(r) = r**2 - 2*r - 149. What is z(13)?
-6
Let i(r) = -r**2 + 47*r + 435. Give i(-8).
-5
Let h(m) = -m**3 - 4*m**2 + 31*m + 106. Give h(-3).
4
Let w(d) = 13*d**2 + d + 2. What is w(-2)?
52
Let x(u) = -u**2 - 8*u - 9. Determine x(-6).
3
Let o(l) = l**3 + 10*l**2 - 2*l - 31. What is o(-10)?
-11
Let w(g) = g**3 + 6*g**2 + 6*g + 9. Determine w(-6).
-27
Let u(w) = 2*w**2 + 14*w + 18. Calculate u(-6).
6
Let m(z) = z**3 - 8*z**2 - 12*z + 16. Determine m(9).
-11
Let t(q) = -q**2 - 25*q + 75. Determine t(-25).
75
Let o(i) = -i**3 + 2*i**2 + 2*i + 3. What is o(3)?
0
Let h(b) = b**2 + 4. Give h(3).
13
Let w(k) = 4*k - 17. Calculate w(5).
3
Let m(j) = -2*j**2 + 27*j + 38. What is m(13)?
51
Let h(b) = -b**3 - 3*b**2 + 6*b - 6. What is h(-5)?
14
Let l(q) = -18*q - 139. Give l(-6).
-31
Let d(k) = k**2 - 16*k + 17. Calculate d(14).
-11
Let l(i) = i**2 - 61*i + 113. What is l(59)?
-5
Let p(t) = -t**3 - 3*t**2 - 5. Calculate p(-3).
-5
Let u(y) = -y**3 + 15*y**2 - 14*y - 5. Calculate u(14).
-5
Let l(u) = -7*u + 9. Calculate l(2).
-5
Let r(d) = d**2 + 14*d + 36. Calculate r(-3).
3
Let s(w) = -w**3 - w**2 - 4*w - 3. What is s(-2)?
9
Let c(u) = 72*u**3 - u**2 - u. Give c(-1).
-72
Let t(b) = 46*b - 140. What is t(3)?
-2
Let f(l) = -l**3 + 5*l**2. Calculate f(5).
0
Let g(k) = 5*k - 17. What is g(0)?
-17
Let i(a) = -a + 43. Give i(6).
37
Let a(m) = 11*m - 97. Determine a(8).
-9
Let l(g) = g**2 - 2*g - 60. Calculate l(9).
3
Let u(g) = -g**2 - 25*g - 46. Determine u(-23).
0
Let c(f) = 3*f**3 - 1. Determine c(-1).
-4
Let x(g) = -g**3 + 9*g**2 - 6*g + 16. What is x(7)?
72
Let v(f) = -f**2 - 37*f - 97. Determine v(-33).
35
Let m(p) = 10*p + 1. What is m(-8)?
-79
Let k(r) = r**3 - 10*r**2 + 3*r + 13. Calculate k(10).
43
Let q(d) = 2*d**3 - 99*d**2 + 38*d + 539. Determine q(49).
0
Let f(o) = 10*o**2 + 20*o - 2. What is f(-2)?
-2
Let i(x) = x**3 - 7*x**2 - 8*x + 6. Determine i(8).
6
Let h(w) = -w**2 - 28*w - 58. What is h(-26)?
-6
Let b(q) = q**2 - 12*q + 2. Give b(13).
15
Let c(p) = 50*p + 298. What is c(-6)?
-2
Let g(n) = -2*n + 10. Give g(10).
-10
Let b(u) = u**2 + 15*u - 45. What is b(-18)?
9
Let d(x) = 3*x**3 - 4*x**2 - 2*x + 1. Give d(2).
5
Let a(s) = 3*s + 1. Give a(-2).
-5
Let k(f) = -4*f**2 + 29*f - 30. Calculate k(6).
0
Let b(s) = -s**2 + s + 1. What is b(-1)?
-1
Let v(t) = t - 27. Calculate v(21).
-6
Let h(z) = 9*z**3 + z. Give h(1).
10
Let a(j) = j**3 + 6*j**2 - 4*j + 55. Calculate a(-8).
-41
Let u(m) = m**3 + 24*m**2 + 22*m - 15. Determine u(-23).
8
Let w(p) = -2*p**2 + 32*p + 102. Give w(-3).
-12
Let m(i) = i**2 - 7*i + 10. What is m(7)?
10
Let x(m) = 2*m - 2. What is x(-6)?
-14
Let a(x) = 2*x**2 + 26*x + 5. What is a(-12)?
-19
Let s(k) = 2*k - 9. Determine s(5).
1
Let u(g) = g**3 - 3*g**2 - 2*g - 3. Give u(4).
5
Let a(c) = -31*c**3 - c + 2. What is a(1)?
-30
Let u(x) = 3*x**3 + 18*x**2. Determine u(-6).
0
Let n(y) = -25*y**2 + y + 3. What is n(-1)?
-23
Let n(o) = o**3 + 15*o**2 + 9*o + 9. What is n(-14)?
79
Let h(f) = -f**3 + 11*f**2 - 11*f + 6. Give h(10).
-4
Let x(y) = 3*y + 47. What is x(-13)?
8
Let c(w) = -157*w - 1883. Calculate c(-12).
1
Let q(p) = -2*p**2 - 64*p - 2. Determine q(-32).
-2
Let i(g) = -7*g - 3. Determine i(-5).
32
Let o(d) = -3*d**3 - 12*d**2 - 8. Give o(-4).
-8
Let z(q) = 39*q - 4. Calculate z(2).
74
Let f(t) = -t + 13. Give f(11).
2
Let r(l) = -32*l - 218. What is r(-7)?
6
Let c(j) = 2*j**2 - 48*j + 160. Determine c(20).
0
Let k(f) = 13*f + 2. Determine k(3).
41
Let z(h) = h**3 - 22*h**2 - 49*h + 15. What is z(24)?
-9
Let s(m) = -10*m - 343. Determine s(-34).
-3
Let u(p) = -p**3 + 8*p**2 - 13*p - 2. Calculate u(4).
10
Let g(w) = -w - 14. Give g(-10).
-4
Let m(i) = 5*i - 101. What is m(24)?
19
Let r(j) = j**2 + 27*j + 53. Determine r(-26).
27
Let o(p) = -p**3 - 6*p**2 - p - 7. Give o(-6).
-1
Let s(y) = 8*y + 207. Determine s(-26).
-1
Let p(r) = -6*r + 24. Calculate p(4).
0
Let a(p) = p**2 + p - 3. What is a(4)?
17
Let j(l) = l. Calculate j(3).
3
Let m(r) = r**2 - 17*r + 78. Calculate m(12).
18
Let v(c) = -38*c + 60. What is v(2)?
-16
Let u(s) = -s**2 - s + 26. Determine u(0).
26
Let c(i) = i**3 + 7*i**2 + 9*i + 4. Calculate c(-6).
-14
Let a(h) = h**3 + 4*h**2 - 8*h - 7. Give a(-7).
-98
Let u(m) = 2*m**3 + 86*m**2 - 88*m - 17. Determine u(-44).
-17
Let l(v) = v**2 + 6*v + 3. Calculate l(-3).
-6
Let a(m) = 2*m**2 + 4*m. Give a(0).
0
Let w(u) = -u + 5. What is w(-24)?
29
Let n(c) = c**3 + 9*c**2 - 2*c + 5. Give n(-5).
115
Let l(u) = 49*u + 441. Calculate l(-9).
0
Let o(k) = k**3 - 5*k**2 - 10*k - 3. Calculate o(7).
25
Let w(x) = 5*x - 2. Give w(1).
3
Let n(j) = -j**3 - 3*j**2 - 3*j - 5. Determine n(-2).
-3
Let c(i) = i**2 + 2*i + 2. Calculate c(-4).
10
Let y(l) = -2*l**3 + 17*l**2 - 17*l - 37. Calculate y(7).
-9
Let l(i) = 2*i + 10. Give l(4).
18
Let v(q) = -4*q**3 + 3*q**2 - q - 1. Determine v(1).
-3
Let r(k) = -k**3 - 2*k**2 + 3*k + 5. Calculate r(-2).
-1
Let b(y) = 3*y + 3. Calculate b(-4).
-9
Let o(m) = -m**3 - 17*m**2 - 22*m - 10. What is o(-15)?
-130
Let t(j) = j**3 + 52*j**2 - 107*j + 43. Calculat